r of k and y.
3
Let k = 38 - 86. Let y = -39 - k. Calculate the greatest common divisor of 3 and y.
3
Let n be (-3 - 3)*((-1)/3 - 0). Suppose 2*d = 4*f + 58, 0 = n*f + 2 + 2. What is the highest common divisor of 10 and d?
5
Let k(r) = 191*r + 38. Let t be k(2). Calculate the greatest common factor of t and 60.
60
Suppose 17 = h - 14. Let b be ((-186)/5)/((-48)/320). What is the highest common factor of b and h?
31
Suppose -31*n = -18*n - 169. Suppose 0 = 2*i - 3*f - 170, -i + 3*f - 103 = -2*i. What is the highest common factor of i and n?
13
Let n = -218 + 231. Calculate the greatest common factor of 91 and n.
13
Let b = 3 - -1. Suppose b*j - 30 = -a, -5*a - 7 = -j - 73. Let r(h) = 6*h**2 + 2*h - 1. Let s be r(1). Calculate the greatest common factor of a and s.
7
Let d be 1*(0 - 0)/2. Suppose d = -2*p - 2*p + 128. What is the highest common factor of p and 32?
32
Let c be 1 + (-5)/7 - (-120)/21. Let z(h) = 9*h - 47. Let v be z(c). Calculate the greatest common factor of v and 7.
7
Suppose 4*v - 1 = 11. Suppose -54*y + 9*y = 64*y - 1308. What is the highest common factor of v and y?
3
Suppose 275 = -3*u + 941. Suppose 2*v - 4*v = -u. Suppose -5*q + 3*x = -v - 69, -3*q + 4*x + 108 = 0. Calculate the highest common divisor of q and 9.
9
Let t = -79 + 74. Let n = 10 + t. Calculate the greatest common divisor of n and 20.
5
Let f = 445 + -419. Let h be (-2)/(-4) + (-25)/(-2). What is the highest common divisor of f and h?
13
Let y be -45*(2 - 14 - -9). What is the greatest common factor of y and 195?
15
Let k be (-38)/3*-2*21/14. Calculate the highest common divisor of 646 and k.
38
Let n(r) = r**2 - 5*r + 8. Let l = 43 + -38. Let y be n(l). What is the greatest common divisor of y and 40?
8
Suppose -17*q = -12*q - 10. Suppose -q*s = 12 - 212. What is the highest common factor of s and 20?
20
Let k = -88 + 153. Calculate the highest common divisor of k and 39.
13
Let r(a) = -a**3 - 7*a**2 + 6*a - 7. Let z be (-105)/(-33) - 4/22. Let k be (-2 + 6/(-9))*z. Let l be r(k). Calculate the highest common divisor of 45 and l.
9
Suppose 5*k = -5*s + 2*s + 144, 0 = -5*s + 15. Suppose 3*q + 3*o - 63 = 0, 0*q = 2*q - o - k. Calculate the greatest common divisor of 8 and q.
8
Suppose 4*a + 312 = 4*z, -5*z = -0*z - 4*a - 390. Calculate the greatest common factor of 39 and z.
39
Let r(q) = -q**3 + 3*q**2 + 3*q + 255. Let m be r(0). Suppose -173 = -3*k + 5*b, k + 2*b - 4*b - 59 = 0. Calculate the highest common divisor of m and k.
51
Let p be (-228)/171*(-25 + 1). Calculate the greatest common divisor of 64 and p.
32
Suppose 0 = -4*k - t + 112, 3*k + t - 29 - 56 = 0. Suppose -k - 45 = -8*q. What is the highest common divisor of 21 and q?
3
Suppose z = -0*z + 28. Let v(i) = -2*i**2 - 12*i - 3. Let r be v(-5). Let k(w) = 7*w**2 - 13*w. Let g be k(r). What is the highest common factor of g and z?
28
Let y be 122/6 + 1/(-3). Let p = -60 + 100. Calculate the greatest common divisor of y and p.
20
Suppose -6 = 2*s - 3*s - 3*r, 5*r = -2*s + 13. Suppose 4*v = 230 + 94. What is the greatest common divisor of v and s?
9
Let f = -66 + 186. Suppose 3*m = 2*m + 15. What is the highest common factor of m and f?
15
Let n = -71 - -43. Let z = 50 - n. Let x = 26 + z. What is the highest common divisor of 13 and x?
13
Suppose -2*t - 5*d + 39 = 0, 2*t - 5*d = 12 - 3. Let j(k) = 4*k**2 + 3*k + 3. Let f be j(-3). Calculate the greatest common divisor of f and t.
6
Let o = 158 + -82. Calculate the greatest common factor of o and 684.
76
Let y be 2 - (2 + -1)*-4. Suppose 0 = -2*r - 4*d + 32, -3*r = -y*r + d + 34. Let v = -2 + r. Calculate the highest common divisor of 90 and v.
10
Suppose -2*w - 159 = -5*w. Let d = -41 + w. Let j = 148 + -16. Calculate the highest common factor of d and j.
12
Suppose -1717 = 14*s - 2599. Suppose 0*g = -4*g - 12, 3*g = 5*y - 99. What is the highest common divisor of s and y?
9
Let c = -8 - 22. Let d be ((-152)/(-10))/((-12)/c). Let k = d + -3. What is the greatest common divisor of 7 and k?
7
Let z = 26 + -25. Let u be 34/8 - z/4. What is the highest common divisor of 2 and u?
2
Let o(w) = -13*w - 233. Let q be o(-26). What is the highest common divisor of 15 and q?
15
Suppose 2*k + 96 = 5*k. Suppose -4 = 5*s - 44. What is the greatest common factor of k and s?
8
Let c = -186 + 263. What is the highest common factor of c and 44?
11
Let x be (-1 - -3)/((10 - 4)/96). Let u be 1*((-2 - 1) + 2)*-2. Calculate the greatest common divisor of u and x.
2
Suppose -12*a + 4*o - 172 = -13*a, -2*a + 334 = -2*o. What is the highest common divisor of a and 96?
24
Let o = -20 - -22. Suppose -5*t = -o*i - 551, 0*t - 5*t - 4*i = -563. Suppose 0*j - 37 = -j. Calculate the highest common factor of t and j.
37
Let m be (30/(-18))/(2/(-150)). Let t = -95 + m. Calculate the highest common divisor of 50 and t.
10
Let i be 3 - (1 + 2) - -4. Let k = 1 - 0. Let h = i - k. Calculate the greatest common divisor of 1 and h.
1
Suppose -13*g = -93 + 28. Suppose -6*f + 17 = 11. Calculate the greatest common divisor of f and g.
1
Let d be 56 - 1/1 - -3. Let x = 88 - d. What is the highest common divisor of 6 and x?
6
Suppose 51 = 23*f - 386. Let k = 11 + 8. Calculate the greatest common divisor of f and k.
19
Let k be 1/(((-6)/(-42))/(-1 - -140)). Calculate the highest common factor of k and 7.
7
Let n = 456 + -441. Let b = 63 - 43. Suppose 0 = -3*w - y + 14, -10 = -3*w + 3*y + b. Calculate the greatest common divisor of w and n.
3
Suppose 5*w - 3*n = 872, 67 = -2*w - 2*n + 419. Let b(i) = 26*i**2 - 1. Let q be b(-1). What is the highest common divisor of q and w?
25
Let n be 23/253 - 34726/(-11). What is the highest common divisor of 77 and n?
77
Let x = -148 + 292. Suppose -3*v + 26 = -22. Calculate the greatest common divisor of x and v.
16
Let a = -10 + 15. Let x(q) = -q**2 + 3*q + 12. Let j be x(a). Calculate the highest common factor of j and 16.
2
Let v(b) = b**3 - 7*b**2 + 6*b + 5. Let u be v(6). Let h(i) = 2*i - 2. Let z be h(u). What is the greatest common factor of 40 and z?
8
Let q(p) be the third derivative of 19*p**6/120 + p**3/6 - 14*p**2. Let s be q(1). What is the greatest common divisor of s and 50?
10
Let h = 3807 - 3804. Let m = 13 + 11. What is the highest common factor of h and m?
3
Suppose -2817 = -25*v - 417. What is the greatest common factor of v and 12?
12
Let a be (-6 + (6 - 3))*-1. Suppose -695 = 5*q + 4*b, -a*q + 4*b - 306 = -q. Let l = 208 + q. Calculate the greatest common divisor of 26 and l.
13
Let x be (-15)/15 - (-1 + -11*3). Suppose -3*b + 30 = -x. What is the greatest common factor of 14 and b?
7
Suppose 216 = 4*v - 24. Suppose 101*f - 106*f + 75 = 0. Calculate the highest common factor of f and v.
15
Suppose -11 = -5*z + 5*w + 19, -5*z - 5*w + 40 = 0. Let b(l) = 2*l - 16. Let p be b(z). Let n be (-1 - p)/(6/294). What is the highest common factor of 7 and n?
7
Let j = 565 - 365. Let d = -25 + 29. Suppose 50 = -2*c + d*c. Calculate the highest common factor of j and c.
25
Suppose -3*v = 3, 5*v = l + 3*l - 29. Suppose -339 = -20*u + 261. Calculate the highest common divisor of l and u.
6
Suppose 12*n + 354 = 1542. Suppose -f - 2*f = -33. What is the greatest common factor of f and n?
11
Let y(f) = -5*f**2 + 5*f**2 - f**2 + 3 - 6 - 12*f. Let l be y(-6). Suppose -22 = -95*u + 93*u. What is the highest common factor of u and l?
11
Suppose 0 = -38*h + 37*h + 76. Calculate the highest common divisor of 95 and h.
19
Suppose 0 = -417*g + 427*g - 1400. Calculate the greatest common factor of 350 and g.
70
Let y(l) = -l**3 - 48*l**2 + 8*l - 269. Let w be y(-49). What is the highest common divisor of w and 60?
60
Suppose -36*d + 13286 = -10*d. What is the highest common factor of d and 73?
73
Suppose 91 - 1 = 15*i. Suppose 0*b + i*b = 126. Calculate the highest common factor of 7 and b.
7
Suppose d + 122 = 2*d + 2*o, -5*o - 421 = -3*d. Let c be (-3)/(-12) - 141/(-12). Suppose i - c = -0*i. What is the greatest common factor of i and d?
12
Let f be 11 + 1 + (-4 - -4). Let k(w) = w**2 + 2*w - 2. Let q be k(2). Suppose -q = -6*r + 66. Calculate the greatest common divisor of f and r.
12
Let t = 89 + -24. Suppose 3*h = 2*q + 130, 6*h - t = 4*h - 3*q. Suppose 352 = 2*l + 20*l. What is the highest common divisor of l and h?
8
Let q be (-4689)/24 - 6/(-16). Let